516?
12
What is the greatest common factor of 601705 and 117?
13
Calculate the highest common factor of 760 and 35587.
19
Calculate the greatest common factor of 10092 and 264.
12
What is the highest common divisor of 104130 and 36?
18
Calculate the greatest common divisor of 74 and 204129.
37
Calculate the greatest common divisor of 3276 and 7839.
117
What is the greatest common divisor of 552 and 3524?
4
What is the highest common factor of 204697 and 17?
17
What is the greatest common divisor of 14136 and 8?
8
What is the highest common factor of 81940 and 340?
340
Calculate the greatest common factor of 170 and 314942.
34
What is the greatest common divisor of 202032 and 184?
184
Calculate the highest common factor of 23 and 1795357.
23
Calculate the greatest common factor of 394380 and 147.
21
What is the greatest common factor of 2793 and 1759191?
399
What is the greatest common divisor of 306 and 1260261?
153
What is the highest common divisor of 1069 and 16?
1
What is the greatest common divisor of 320 and 85640?
40
What is the highest common divisor of 50879 and 1226?
613
What is the highest common divisor of 1920 and 4880?
80
Calculate the highest common factor of 132 and 19096.
44
Calculate the highest common divisor of 11509274 and 574.
574
What is the highest common divisor of 926049 and 276?
69
Calculate the highest common divisor of 7932 and 6324.
12
Calculate the greatest common divisor of 16470 and 13786.
122
What is the greatest common factor of 269 and 350507?
269
Calculate the highest common divisor of 42282 and 3451.
29
Calculate the highest common factor of 22797 and 187.
17
What is the highest common factor of 4 and 5561?
1
What is the greatest common factor of 393926 and 39?
13
What is the highest common factor of 421287 and 19?
19
What is the highest common factor of 1488 and 60?
12
What is the greatest common factor of 21944 and 136?
8
What is the greatest common factor of 28 and 69734?
14
Calculate the greatest common divisor of 369045 and 13806.
531
Calculate the highest common divisor of 13348 and 23572.
284
Calculate the highest common factor of 124780 and 24.
4
What is the greatest common factor of 203620 and 80?
20
Calculate the greatest common divisor of 26928 and 4356.
396
Calculate the highest common factor of 50806 and 573.
191
Calculate the highest common factor of 338 and 197678.
26
What is the highest common divisor of 362502 and 2058?
294
What is the highest common factor of 36342 and 43745?
673
What is the greatest common factor of 412111 and 6773?
521
Calculate the highest common factor of 105 and 261891.
21
Calculate the highest common factor of 214375 and 1250.
625
What is the highest common divisor of 267675 and 2580?
645
Calculate the highest common factor of 84 and 51654.
6
What is the greatest common factor of 3 and 7017?
3
What is the greatest common factor of 464 and 49208?
8
What is the highest common factor of 1411 and 3196?
17
What is the greatest common factor of 10752 and 894?
6
Calculate the highest common divisor of 4366992 and 634.
634
Calculate the greatest common divisor of 3892 and 12.
4
What is the greatest common divisor of 102216 and 96?
24
Calculate the greatest common factor of 3402 and 1281.
21
Calculate the highest common divisor of 1442 and 4634.
14
What is the highest common factor of 3984651 and 1089?
1089
What is the highest common factor of 108672 and 32?
32
Calculate the highest common factor of 364 and 31612.
28
Calculate the greatest common factor of 225 and 8955.
45
Calculate the highest common factor of 30 and 7890.
30
Calculate the greatest common factor of 964 and 229191.
241
What is the highest common factor of 63461 and 34?
17
Calculate the highest common divisor of 63 and 653814.
63
Calculate the highest common divisor of 3822 and 7956.
78
Calculate the greatest common factor of 261623 and 2636.
659
What is the greatest common divisor of 2495437 and 994?
497
Calculate the highest common divisor of 124 and 2456.
4
What is the highest common divisor of 3468354 and 23?
23
What is the highest common factor of 14529 and 3?
3
Calculate the highest common factor of 196943 and 31.
31
Calculate the greatest common factor of 697 and 1421183.
697
Calculate the greatest common factor of 96 and 124112.
16
Calculate the greatest common factor of 82 and 517871.
41
Calculate the highest common divisor of 130939 and 69.
23
What is the greatest common factor of 294 and 66738?
294
What is the greatest common divisor of 188 and 2982526?
94
What is the highest common factor of 20002 and 959?
137
Calculate the greatest common factor of 56148 and 36.
12
What is the greatest common factor of 2756 and 5130294?
1378
What is the highest common factor of 303753 and 57?
57
Calculate the greatest common divisor of 21072 and 300.
12
What is the highest common divisor of 76263 and 1287?
33
Calculate the highest common divisor of 34424 and 126442.
662
What is the greatest common factor of 140520 and 72?
24
What is the highest common divisor of 126 and 86198?
14
Calculate the greatest common divisor of 417116 and 28.
28
Calculate the highest common factor of 7 and 16975.
7
Calculate the highest common factor of 70 and 1442.
14
Calculate the greatest common factor of 16184 and 680.
136
Calculate the highest common factor of 2295 and 1010106.
153
What is the greatest common factor of 444 and 113553?
111
What is the greatest common factor of 101791 and 4384?
137
What is the highest common divisor of 5390 and 2860?
110
Calculate the greatest common factor of 44025 and 50.
25
What is the highest common factor of 182 and 40378?
26
Calculate the greatest common divisor of 1624 and 1711.
29
What is the greatest common divisor of 70 and 116410?
70
What is the highest common divisor of 1837 and 2672?
167
Calculate the greatest common factor of 100629 and 27.
27
What is the highest common divisor of 240 and 4132800?
240
What is the greatest common factor of 7608 and 8?
8
What is the highest common factor of 110 and 116545?
55
What is the highest common factor of 567792 and 180?
36
Calculate the highest common factor of 3040 and 1710.
190
What is the highest common factor of 1200 and 24180?
60
What is the highest common factor of 10879 and 188899?
989
What is the greatest common divisor of 9396 and 436131?
783
Calculate the highest common divisor of 2556 and 1800.
36
What is the greatest common divisor of 2948 and 396?
44
Calculate the greatest common factor of 20188 and 87612.
196
Calculate the greatest common factor of 232 and 5191.
29
What is the greatest common factor of 243176 and 1614?
538
Calculate the highest common factor of 464 and 2436.
116
Calculate the highest common divisor of 40 and 325790.
10
Calculate the highest common divisor of 112875 and 140.
35
Calculate the highest common factor of 31808 and 4402.
142
Calculate the highest common factor of 1385 and 34348.
277
Calculate the highest common divisor of 25970 and 2940.
490
What is the highest common divisor of 3 and 3657?
3
Calculate the greatest common factor of 17003 and 441.
49
Calculate the highest common divisor of 7953 and 561.
33
What is the highest common divisor of 203723 and 13?
13
Calculate the greatest common factor of 123136 and 65.
13
Calculate the greatest common factor of 21 and 36708.
21
What is the greatest common factor of 3339 and 3528?
63
What is the highest common factor of 4218 and 4503?
57
What is the greatest common divisor of 137925 and 225?
225
Calculate the highest common divisor of 200 and 1664.
8
Calculate the greatest common factor of 50 and 46610.
10
Calculate the highest common divisor of 13 and 2912.
13
What is the highest common divisor of 661232 and 442?
442
What is the greatest common divisor of 1337 and 58255?
191
Calculate the highest common factor of 237 and 57.
3
Calculate the highest common factor of 1750931 and 497.
497
What is the greatest common factor of 778212 and 54?
18
Calculate the highest common factor of 78960 and 17808.
336
Calculate the greatest common divisor of 33160 and 290.
10
Calculate the greatest common divisor of 36480 and 1995.
285
Calculate the greatest common divisor of 1 and 88432.
1
What is the greatest common divisor of 3616 and 11413?
113
What is the greatest common 